6*y - 5. Let i be j(-6). Let s(g) = -g**3 - 2 - 3*g**3 - 6*g**2 + 3*g**3 - 6*g. What is s(i)?
3
Let z be 2 - 2 - 1/1. Let p(m) = -m**2 + 10*m. Let n(o) = o. Let d(h) = z*p(h) + 6*n(h). Suppose 5*t = b + 25, 0 = -4*t - b - 1 + 21. Calculate d(t).
5
Let r be ((-24)/(-16))/((-1)/(-2)). Let j(d) = -11*d + 5. Let m(q) = 2*q - 1. Let v(w) = -6*j(w) - 34*m(w). Give v(r).
-2
Let a(u) = -4*u - 10 + 5*u + 8. What is a(0)?
-2
Let j(y) = -y**3 + y**2 - 2*y + 1. Let m(i) be the first derivative of -i**2/2 + 7*i + 1. Let g be m(5). Calculate j(g).
-7
Suppose -5*k + 1 = -3*i + 5*i, 0 = -3*i + k + 10. Let q(r) = -4*r**2 - r**3 + 2*r**3 - 7 + 3*r - 7*r + 0*r**i. Calculate q(5).
-2
Let p(h) = -h**2 - 13*h + 3. Let k(z) = -6*z + 2. Let w(a) = 5*k(a) - 2*p(a). What is w(3)?
10
Let h(l) = 2*l - 2*l - 5*l - 3 + l**2. Let p = 3 + 5. Let g = p - 4. Calculate h(g).
-7
Let b be 6/9 + 22/(-6). Let z = b - -8. Suppose -2*k - 5*a = -z - 2, 0 = 5*k - 5*a. Let n(l) = 7*l**3 + 2*l**2 - l. What is n(k)?
8
Let d(z) = z**3 + 5*z**2 + 3*z - 2. Suppose 3*p + 0*n = -3*n - 39, 0 = -4*n - 20. Let y = p - -4. Calculate d(y).
2
Let w be ((-6)/5)/((-8)/20). Let k(h) = -1 + w - 4*h - 1 - 2. What is k(1)?
-5
Let u(k) be the second derivative of k**5/20 - 7*k**4/12 + k**3/3 - 5*k**2/2 - 6*k. What is u(7)?
9
Let h = 12 - 8. Let w(k) = 2*k - 6*k**3 - k - h + 5*k**3 + k**2. What is w(0)?
-4
Let w = 74 - 76. Let k(u) = u**3 + 4*u**2. Give k(w).
8
Let b(z) = 2*z - 7. Let o(d) = d - 3. Let u(a) = 3*b(a) - 5*o(a). Suppose -4*l - 3*k = l + 18, -4*l - k = 20. Calculate u(l).
-12
Suppose -4*n - 5 + 1 = 0, -4*n = 3*y - 14. Let a(u) = -5 + u + 1 - y + 4. Suppose 3*c + 6*x - 18 = x, 0 = c - 5*x - 6. Give a(c).
0
Let n(d) = -8 + 0*d + 4*d - 3*d. Suppose 9 = 5*a + 9. What is n(a)?
-8
Let k be 1*9*(2 - 1). Suppose 25 = -4*a + k. Let u(x) = -7*x - 2 + 0*x - x**2 - 4. Determine u(a).
6
Let d(p) = -p**2 - p - 1. Let b(q) = -2*q**3 + 9*q**2 + 6*q + 6. Suppose 0*m - 3*m = -42. Let r = 8 - m. Let n(t) = r*d(t) - b(t). What is n(2)?
4
Let n be (0 + -3 - -3) + -1. Suppose 4*a + 3*s - 6 = 0, 3*a - 2*a - 10 = -5*s. Let g = a - n. Let w(q) = q**3 - q**2 - 1. Give w(g).
-1
Let b be (8/6)/((-4)/(-6)). Let n(a) = 3 + a**3 - b + 3*a**3 - 2*a**3. Calculate n(1).
3
Let v(d) = -2*d**2 - d. Suppose -1 = -y - 5. Let k(c) = -c**3 - 4*c**2 - 2*c - 7. Let z be k(y). Determine v(z).
-3
Let n be 2/(10/25)*(-3)/(-5). Let f(b) = b**2 - 2*b - 2*b**2 + 4*b. Calculate f(n).
-3
Let n(y) be the third derivative of -y**6/720 + y**5/15 + y**4/8 - 2*y**2. Let r(u) be the second derivative of n(u). Determine r(0).
8
Let s = 3 + -3. Let a = s + 1. Let x(n) = n - a + 3*n**2 - 2*n**2 - 2*n**2. What is x(1)?
-1
Let h(z) be the second derivative of z**8/6720 - z**7/504 + z**6/240 + z**5/60 + z**4/12 - 2*z. Let g(t) be the third derivative of h(t). Give g(3).
-7
Let k(m) = -m**2 + 3. Let b(r) = r**2 - r - 4. Let p(v) = 3*b(v) + 4*k(v). Let y be (-14)/(-3) - (-4)/(-6). Suppose -y*l = 9 + 7. Calculate p(l).
-4
Let x be 4/(-3)*-3 + -7. Let z(w) = w**3 + 2*w**2 - 4*w - 2. What is z(x)?
1
Let v(w) = w**3 - 2*w**2 - w - 1. Suppose 4*r + 11 + 1 = 0. Let j be (-1 - r)*6/4. Determine v(j).
5
Suppose -2*g = -3*h + 5*h + 16, g = -2*h - 13. Let k be 2 - (0/2 - h). Let o(q) = q**3 + 5*q**2 + 4*q. Calculate o(k).
6
Let i(v) = 7*v**3 + 3*v**2 + 5*v - 3. Let t(j) = -j**3 - j**2 - j. Let d(w) = i(w) + 6*t(w). Calculate d(3).
-6
Let g(f) = -2*f**2 + 5*f**2 + 3 - 7 - 4*f**2 + 5*f. What is g(5)?
-4
Let m(t) = t + 5. Suppose -5*n - 28 = -8. What is m(n)?
1
Let n(t) = -t**2 - 5*t - 2. Let r(g) = -g**2 + 10*g - 9. Let v be r(7). Let w be (-3 + 0)/(v/8). Give n(w).
4
Let k(j) = -5*j - 1. Let u(x) = 18*x + 9. Let l(s) = 9*s + 4. Let p(d) = -5*l(d) + 2*u(d). Let v(o) = -11*k(o) + 6*p(o). Give v(1).
0
Let m(d) be the third derivative of -d**5/30 + 5*d**4/24 + 2*d**3/3 + 10*d**2. Give m(4).
-8
Let j(t) = -2 - 4*t - 5*t**2 + 3 + 0*t - 2*t + t**3. Suppose -2*c + 10 = -0*q + q, 2 = -q + 4*c. Give j(q).
1
Let f(o) = o**3 + 9*o**2 + 7*o - 3. Suppose l + 18 = -5*d, 5*d - 3*d + 4 = 0. Calculate f(l).
5
Let b(y) = y + 2. Let t be b(-6). Let o(a) = -a + 1. Let q be o(1). Let x(p) = -6 + 8 + q*p**2 + p**2 + 4*p. What is x(t)?
2
Let f(v) = 4*v - 6 - 3*v - 2*v - 7*v. Let w(o) = -15*o - 11. Let z(i) = 7*f(i) - 4*w(i). Give z(-3).
-10
Let f(x) = x**2 + 4*x - 4. Let b = 2 + -1. Let o be 2 - b - 0 - 2. Let g = -6 - o. Determine f(g).
1
Suppose -5*b - 6*f = -2*f - 47, -2*b + 28 = -3*f. Let j = 7 - b. Let z(n) = 9*n + 11. Let h(q) = -14*q - 17. Let p(l) = -5*h(l) - 8*z(l). Give p(j).
5
Let s(i) = 132*i**2 + 0*i - 2 - 129*i**2 + i**3 - 2*i. What is s(-3)?
4
Let x(v) = v**2 - v - 1. Let i(t) = -7*t**2 + 9*t + 13. Let c(o) = i(o) + 6*x(o). Suppose 5*g - 29 = a - 3*a, -19 = -3*g - 2*a. What is c(g)?
-3
Let y = -21 + 2. Let s = 16 + y. Let m(v) = -v**3 - 4*v**2 + 4. Give m(s).
-5
Let l(k) = -k**2 + 1. Suppose 2*v - 2 - 2 = 0. Let i be v/7 - 10/35. Determine l(i).
1
Suppose -4*u = -a - 0 - 16, 5*u - 20 = 5*a. Let k be 2*(a + 2/4). Suppose k = -q + 2. Let d(x) = 2*x**3 - x**2 + x - 1. Calculate d(q).
1
Suppose -4*z = f - 20, 2*f + f = 5*z - 25. Let p = -5 + f. Let b(y) = -y**2 - 3*y + 6. Determine b(p).
-4
Let n(r) be the second derivative of -r**5/20 + r**4/24 - r**3/6 + 3*r**2/2 - 5*r. Let f(b) be the first derivative of n(b). Determine f(1).
-3
Suppose 7*d - 4*d - 35 = -5*q, q + 2*d = 14. Let k(s) = 4 + s - 4. What is k(q)?
4
Let d = 25 - 26. Let y(g) = 2 + 2 - 2*g**2 + 2*g - 3. Calculate y(d).
-3
Let n be 12/(-8)*(-12)/9. Let l(a) = 1. Let h(x) = -x**2 + x - 1. Let z(p) = n*l(p) + 3*h(p). Give z(2).
-7
Suppose 2*c + c - 12 = 0. Let g(z) = -z**3 + 5*z**2 - 6*z + 1. What is g(c)?
-7
Suppose 0*u = 5*d - u - 43, 18 = 3*d + 2*u. Let w(i) = -i**2 + 6*i - 3*i - d + 7*i - 2*i. Let m be w(7). Let h(q) = -2*q**3 + q**2 - 1. Determine h(m).
2
Let r(q) be the second derivative of -q**4/12 - 5*q**3/6 - 3*q**2 + 7*q. Determine r(-4).
-2
Suppose 6*u = u + 25. Let g be 28/u - (-21)/(-35). Let s(m) = m**3 - 5*m**2 - m + 1. What is s(g)?
-4
Let n = -38 - -24. Let u = n - -12. Let v(q) = q - 1. Let a(h) = h. Let o(m) = 3*a(m) - v(m). What is o(u)?
-3
Let s(z) = 6*z**3 + 10*z**2 - 8*z - 1. Let q(u) = -29 + 11*u**2 - 8*u + 7*u**3 + 29. Let p(h) = -5*q(h) + 6*s(h). Calculate p(-6).
6
Suppose 5*k + 5*s - 1 = 4, -1 = 4*k - s. Let h(u) = k*u - 2*u**2 + 4*u - 7 - 6*u**2 + 4*u**2 - u**3. Let w be h(-5). Let c(j) = -j**2 + 2*j + 2. Give c(w).
-6
Let y(q) = -q**3 - 6*q**2 - 8*q - 1. Let m be y(-4). Let d(z) = -7*z. Let u(t) = 28*t. Let o(i) = 21*d(i) + 5*u(i). What is o(m)?
7
Let x(y) = -y**3 + 13*y**2 + 4*y - 4. Let c(u) = -3*u**3 + 38*u**2 + 11*u - 11. Suppose z + g - 8 = -4*g, -10 = -2*g. Let n(v) = z*x(v) + 6*c(v). What is n(7)?
-12
Let n(g) = 1 + 0 + 0 - 9*g. Let v = -3 - -4. Suppose 3*d - v - 2 = 0. What is n(d)?
-8
Let w be 4/(-10) + (-22)/(-5). Suppose -w*z = -11 - 9. Let x(h) = h**3 + 2*h**2 + 4*h - 3. Let n(d) = d**3 - d**2 - 1. Let g(u) = 2*n(u) - x(u). Give g(z).
6
Let y(m) = m**3 - 5*m**2 - 6*m + 6. Let v = -90 - -96. Give y(v).
6
Let g(i) = i**2 - 5*i - 3. Let h(j) = -5*j - 44. Let s be h(-10). What is g(s)?
3
Let a(k) be the second derivative of -k**3/6 - 2*k**2 - k. Let u(y) = y**3 - 3*y**2 + 2*y - 6. Let t be u(3). Suppose -2*o + 0*o - 10 = t. Give a(o).
1
Let f be 2/(-2) - (-16)/2. Let t(l) be the third derivative of l**4/8 - 4*l**3/3 + 2*l**2. Let p(s) = -4*s + 12. Let y(j) = f*t(j) + 5*p(j). Determine y(-3).
1
Let x(w) be the second derivative of -w**3/6 + w**2/2 + 6*w. Give x(-3).
4
Let a be 1/((-2)/2)*5. Let r(h) be the first derivative of -2*h + 1/2*h**2 + 3. Calculate r(a).
-7
Let x(b) = -2*b + 22. Let k be x(11). Let r(w) = -w**2 - w - 1. Give r(k).
-1
Let l be 1 - (-1 - (-6 + 2)). Suppose 4*b - 4*k - 24 = 0, 5*b = -5*k - 0*k - 10. Let f(v) = b*v - 1 + 0*v**3 - v**3 + 3. What is f(l)?
6
Let t = 15 + -20. Let z(r) = -r**2 - 9*r - 7. Let a(o) = -5*o - 4. Let u(h) = t*a(h) + 3*z(h). Give u(-1).
-2
Let k(c) = c + 6. Suppose 10 = -j + 4. Calculate k(j).
0
Let z(s) = s**3 + s**2. Let o be z(-1). Suppose o = h + h - 30. Suppose 0 = 5*g - h, -4*g - g + 15 = -2*q. Let c(v) = v + 6. Determine c(q).
6
Let j(l) = -6*l**3 - 2. Let b(z) = -7*z**3 + z**2 + z - 3. Let n(t) = -5*b(t) + 6*j(t). Suppose 0 = -2*